26 is divided by j.
12
Suppose -4*y - 4*i - 9 = i, 4*i = -5*y. Let o = 7 - y. Suppose -o*g + 0*r = 5*r - 37, 5*r = 10. What is the remainder when g is divided by 5?
4
Let b be 28/(-16) + 0 - 1/4. Let x(c) = -5*c + 3. Let q be x(-5). Let d = b + q. Calculate the remainder when d is divided by 9.
8
Let j(q) = 2*q - 8. Let c be j(6). Suppose 24 = 7*z - 25. What is the remainder when (38/(-8))/((-1)/c) is divided by z?
5
Let f = -12 + 34. Let v(u) be the second derivative of u**5/20 - u**4/12 + u**3/6 + 21*u**2 + 4*u. What is the remainder when v(0) is divided by f?
20
Suppose 2*g - 43 + 31 = 0. What is the remainder when 50 is divided by g?
2
Let k = 18 - 13. What is the remainder when k is divided by 3?
2
Let a(r) = r**3 + 17*r**2 - r - 11. Calculate the remainder when 21 is divided by a(-17).
3
Let y(h) = 2*h - 2. Let f be (-2 + 9/(-6))*-4. Let s = f - 3. Calculate the remainder when s is divided by y(3).
3
Let h = 113 + -60. Let g(f) = f + 14. What is the remainder when h is divided by g(0)?
11
Let i be -5*((4 - 9) + 4). Suppose -o - 94 = -3*p, -5*o = -2*p + i*p - 124. Calculate the remainder when p is divided by 12.
9
Let g be (8 - 3)*-1*1. Let a = -26 + 44. Let c = a + g. What is the remainder when 25 is divided by c?
12
Suppose 78 = 3*a + 12. Let l(z) be the second derivative of z**3/6 + 2*z**2 - 3*z. Calculate the remainder when a is divided by l(4).
6
Let v = -6 - -19. Calculate the remainder when 64 is divided by v.
12
Suppose k = 4*k - 36. Let y = 154 - 107. What is the remainder when y is divided by k?
11
Let m be 5 + -2 - 5 - 138. Calculate the remainder when ((-23)/(-3))/((-2)/(-6)) is divided by m/(-12) + (-1)/(-3).
11
Let m be 2/(-7) + 426/21. Suppose -2*s + m = -6*s. What is the remainder when 26 is divided by 188/20 + 2/s?
8
Suppose 5*t + 5*p = 298 + 477, -2*p + 622 = 4*t. What is the remainder when t is divided by 32?
28
Suppose -3*q + 3*m = -5 - 7, -3*m = 2*q + 17. Calculate the remainder when 14 is divided by 9 - (-1)/q - 0.
6
Suppose 4*v - 4 = 4. Suppose -3*b + 6*b = -3*d + 48, v*b - 5*d - 39 = 0. Calculate the remainder when 33 is divided by b.
16
Suppose 3*f = -2*f + 130. Suppose -d + k = -2*d + 12, -f = -3*d - 5*k. Calculate the remainder when d is divided by 9.
8
Let w = 58 - 40. What is the remainder when 69 is divided by w?
15
Suppose 3*i = 68 + 121. Suppose 0 = 2*y - 5*v - i, 5*y = 4*v + 149. What is the remainder when y is divided by 16?
13
Suppose 0*t = 2*t - 6. Suppose 89 = t*y + 14. Suppose 3*j = 2*j + 13. What is the remainder when y is divided by j?
12
Let r be (0 + (-2)/4)*18. Let g(a) = 7 - 7*a + 0*a + 2*a + 3*a. Calculate the remainder when g(r) is divided by 9.
7
Let k(h) be the second derivative of -h**5/20 + 3*h**4/4 - 5*h**3/6 + 2*h**2 - 2*h. Let r be k(8). What is the remainder when (r/(-6))/((-2)/6) is divided by 8?
6
Let f(b) = 33*b**2 - b. Calculate the remainder when f(-2) is divided by 34.
32
Let g(p) = -2*p**2 + 18*p + 9. Let a(r) = -r**2 + 9*r + 4. Let i(o) = 13*a(o) - 6*g(o). What is the remainder when 11 is divided by i(8)?
5
Suppose 0 = -v + 5*v - 16. Suppose -4*y = -5*x + 2, -y + 4 = -2*x + 3*x. What is the remainder when v is divided by x?
0
Suppose 8*f = 7*f + 38. What is the remainder when 111 is divided by f?
35
Let h = 58 + 17. Suppose 7*w = 2*w + h. Calculate the remainder when 42 is divided by w.
12
Let o(k) = -k**2 - 29*k - 24. Calculate the remainder when o(-24) is divided by 14.
12
Let p = 71 - 46. Calculate the remainder when 99 is divided by p.
24
Let t be 2/7 - (-3896)/(-14). Let d = -194 - t. Suppose 5*k - d = 36. Calculate the remainder when k is divided by 13.
11
Let j(f) = 30*f - 5. Let p(h) = -61*h + 11. Let l(o) = 13*j(o) + 6*p(o). What is the remainder when l(2) is divided by 25?
24
Let z = 136 + -78. Calculate the remainder when z is divided by 15.
13
Suppose 2*n - 3*c = 14 + 7, 3*c - 39 = -3*n. Let v = 3 + -11. Calculate the remainder when n is divided by (7 + -6)*(-1 - v).
5
Suppose 0 = -4*u + 184 + 164. Calculate the remainder when u is divided by 18.
15
Suppose -15 = 4*i + 105. Suppose -3*u - 5*l = 50, 5*u - 2*l + 45 = 3. What is the remainder when (-342)/u - (-6)/i is divided by 12?
10
Suppose -12 = -4*l + 28. What is the remainder when l is divided by 6?
4
Suppose j = -5*x - 0*x, -56 = 2*j - 4*x. Calculate the remainder when (-1 - j)*(-2)/(-2) is divided by 11.
8
Let z = 3 - -7. Suppose -381 = -3*h + 5*q, 3*q = h - 3 - 124. Suppose 4*o - h + 29 = -5*w, -44 = -2*w - 4*o. What is the remainder when w is divided by z?
8
Suppose 4*d - 3*i + 2 + 2 = 0, 0 = -d - 2*i + 10. Suppose -17 = -d*x - 2*l + 15, l = -2*x + 30. What is the remainder when 26 is divided by x?
12
Let y = 3 + -2. Let t be (-2)/y + (-5 - -7). Suppose -3*d + 26 + 13 = t. What is the remainder when 24 is divided by d?
11
Let x be (1 - -2) + 0 + -3. Suppose x*n = n - 5. Suppose -v - 89 = -5*g - 2*v, 0 = -n*v - 5. Calculate the remainder when g is divided by 5.
3
Let s = -30 - -41. Calculate the remainder when 40 is divided by s.
7
What is the remainder when 79 is divided by (18/(-15))/(6/(-135))?
25
Let g be (-1 + 0)*(-1 + 7). Let i be (8/g)/((-8)/108). Suppose -4*n = 2*a - i, -n + 0*n + 9 = a. Calculate the remainder when a is divided by 5.
4
Let h = 236 - 20. Calculate the remainder when h is divided by 31.
30
Suppose 4*k + 15 = 59. Calculate the remainder when k is divided by 8.
3
Let k be (-3 + 7/2)*-6. What is the remainder when 59 is divided by (k - 42/(-4))*2?
14
Suppose 3*p - p = 18. Let o = p - -5. Calculate the remainder when 41 is divided by o.
13
Let n(f) = f**3 - 7*f**2 + 3. Suppose 6*s - 2*s = -20. Let j = 1 - s. Calculate the remainder when j is divided by n(7).
0
Let q = -18 - -40. What is the remainder when 107 is divided by q?
19
Let v(o) = 6 - 4*o - 1 + 2*o. Calculate the remainder when v(-7) is divided by 11.
8
Suppose 15*g - 155 = 10*g. What is the remainder when g is divided by 11?
9
Let a be ((-36)/8)/(2/(-4)). Suppose 5*w - 2*w - a = 0. Let y(v) = 2*v**2 - 7. What is the remainder when y(3) is divided by w?
2
Let a be 15/6 + (-2)/(-4). Let q = 3 - a. Suppose -5*m - 2*j = -75, 9*m - 4*m + j - 80 = q. Calculate the remainder when 32 is divided by m.
15
Let w be (-3)/15 - (-8)/(200/105). Let x(j) = -j**2 - 4*j + 6. Let q be x(-6). Calculate the remainder when (w/(-3))/(1/q) is divided by 5.
3
Suppose 0 = 5*n - 16 - 44. What is the remainder when 43 is divided by n?
7
Let h = -88 - -106. Calculate the remainder when 34 is divided by h.
16
Suppose 3*p - 12 = p + o, -39 = -5*p - 2*o. Calculate the remainder when 2/12 + (-462)/(-36) is divided by p.
6
Suppose -3 = 2*x - 97. Calculate the remainder when x is divided by 24.
23
Let z(l) = 5*l - 4. Let f = 11 - 7. Suppose 3*v + 6 = f*v. What is the remainder when z(v) is divided by 14?
12
Let k(x) = x**3 - x - 1. Let p(h) = 5*h**3 + 7*h**2 - 12*h - 15. Let d(c) = 4*k(c) - p(c). What is the remainder when d(-8) is divided by (18/(2 + 1))/1?
5
Let t(h) = h**2 - 7. Let o be t(6). Suppose -3*s + 40 = -o. Calculate the remainder when s is divided by (-80)/(-25)*(-5)/(-2).
7
Let l = 48 - 14. What is the remainder when l is divided by 19?
15
What is the remainder when 180 is divided by 4/14 - 320/(-7)?
42
Suppose 55 = 3*o + 13. Calculate the remainder when 1 + 11*2 - -2 is divided by o.
11
Let u = -8 - -11. Suppose 12 = -u*x + x. Let f = -4 - x. Calculate the remainder when f is divided by 1.
0
Let q = 185 - 111. Suppose 5*f + 0*f + 38 = 2*m, 5*m = 3*f + 95. Calculate the remainder when q is divided by m.
17
Let y = 83 + -12. What is the remainder when y is divided by 18?
17
Suppose -2*l + 3*l - 12 = 3*g, 3*l - 3 = -2*g. Suppose 5*v + l*q = 2*q + 221, 3*v + 3*q = 123. Let k = -26 + v. Calculate the remainder when 36 is divided by k.
17
Let g be (-1 - 2/(-2)) + 4. Suppose -3*a - 43 = -r + a, g*a - 3 = -r. What is the remainder when r is divided by 8?
7
Let s(t) = -t**3 + 4*t**2 - 6*t + 6. Let p be s(4). Let m = p - -23. Calculate the remainder when 14 is divided by m.
4
Let l be 1 + (0 + 0 - 3). Let w be 32/(-5) - l/5. Let x(n) = n**3 + 5*n**2 - 8*n + 1. What is the remainder when 25 is divided by x(w)?
12
Let r(i) = -3*i - 4. Let t(h) = -2*h - 3. Let z(p) = -5*r(p) + 6*t(p). Calculate the remainder when 22 is divided by z(2).
6
Suppose -4*h - 3*c =